= t**3 + 5*t**2 + t + 3. Calculate j(h).
-2
Let i(u) be the second derivative of u**3/6 + 15*u**2/2 - 20*u. Determine i(-8).
7
Let s(h) = h + 2. Let x = 44 + -39. Give s(x).
7
Suppose x + 10 - 3 = 0. Let o(y) = y**2 + 6*y - 2. What is o(x)?
5
Let h(y) = y**3 + 9*y**2 + 10*y + 13. Let k be h(-8). Let u(d) = d - 3. Give u(k).
-6
Let h(w) be the third derivative of w**4/24 - w**3/2 - 2*w**2. Suppose -3*t - 2*t = 5. Let q be 0*t*(-1)/2. What is h(q)?
-3
Let m(i) = -i - 2. Let l(g) = g**3 + 5*g**2 - 3*g - 6. Let z be l(-5). Let k = z + -14. What is m(k)?
3
Let k(j) be the first derivative of j**2 + 7*j - 14. Give k(-6).
-5
Let m = -22 + 22. Suppose v = -0*c - c + 12, m = -2*v - 4*c + 34. Let r(p) = -p**3 + 7*p**2 - 4. Calculate r(v).
-4
Suppose -2 + 1 = -v. Let f(k) = -k - 1. Let m(u) = 10*u + 5. Suppose p + 2 = -p. Let r(n) = p*m(n) - 5*f(n). Calculate r(v).
-5
Let l = -3 + 3. Let h(b) be the third derivative of -b**6/120 - b**4/24 + 7*b**3/6 + 3*b**2. Calculate h(l).
7
Let f = -19 - -15. Let b(v) be the second derivative of v**5/20 + v**4/4 - 2*v**3/3 - v**2/2 + v. Give b(f).
-1
Suppose -q + 2*v + 3 = 1, 0 = -4*q + 2*v - 4. Let k = q + 5. Suppose 0 = k*s - 2 - 7. Let y(b) = -b**2 + b + 2. Calculate y(s).
-4
Let o(c) = -5*c**3 - 5*c**2 + 5*c - 8. Let h(g) = -g**3 - g**2 + g - 1. Let x(d) = 4*h(d) - o(d). Determine x(-3).
-11
Let a(x) be the third derivative of -7*x**5/60 + 7*x**4/24 - 7*x**3/3 + x**2. Let r(m) = 15*m**2 - 15*m + 29. Let g(f) = 13*a(f) + 6*r(f). What is g(0)?
-8
Let h(q) = -q**2 + 3*q + 1. Let d be h(3). Let o(b) be the second derivative of -b**3/3 + b**2/2 - 8*b. Give o(d).
-1
Let z(s) = -3*s**2 - 2*s - 4. Let q(p) = 3*p**2 + 2*p + 5. Let v(b) = 2*q(b) + 3*z(b). Give v(-2).
-10
Suppose 2 = 2*x - 2. Let v(k) = -x*k + 2*k + 4 - k**2. Let h(p) = -p**3 + 12*p**2. Let t be h(12). Determine v(t).
4
Let o(m) = -15*m**3 + 2*m - 1. Suppose 5*n - 20 = -a, 0*a + 2*a - 5*n = -20. Let g be 3 - a - (-2 + 4). What is o(g)?
-14
Suppose -3 - 2 = -h. Suppose h*j + 0*j - 5*c = 35, -6 = 3*c. Let s(d) = -3*d**2 + 3 + 4*d**3 - d**2 - 6*d - 3*d**3. Determine s(j).
-2
Let z(s) = 4*s**2 + 2*s - 1. Suppose n = 5*n - 8. Let u = 3 - n. Calculate z(u).
5
Let h(j) = -j - 1. Let a(w) = w**2 + 6*w + 9. Let t(b) = -a(b) - 3*h(b). Calculate t(-4).
-10
Let q(h) = -h**2 + 4*h + 2. Let j be q(5). Let t(c) = 3*c + 1. Let p(r) = -13*r - 5. Let v(u) = -2*p(u) - 9*t(u). Give v(j).
4
Let p(w) be the second derivative of w**5/5 + w**3/6 + w**2 - w. Let v(s) = -4 + 0 + 4 + 3*s**3 + 1. Let b(k) = 2*p(k) - 3*v(k). Calculate b(2).
-3
Let y(u) = 5*u + 1. Let s be y(-1). Let f = -2 - s. Suppose -f = 2*m - 6. Let q(v) = v + 2. Give q(m).
4
Let a be 2*(-2 - -1) - (1 + -5). Let o(k) = -6*k - 1. Calculate o(a).
-13
Let f(k) = -2*k - 2. Let b be (2/4)/((-4)/(-8)). Let u = b - 1. Suppose -20 - 9 = -3*n - 5*v, u = 3*n + v - 13. What is f(n)?
-8
Suppose 4 = 4*f - 2*f. Let l(a) = 6 + a**f + 3*a + 5*a - 6*a - 3*a. Determine l(0).
6
Let d(c) = 5*c**3 + 2*c - 1. Suppose -5*w + 4*w = 5*y - 38, 2*y + 5*w = 29. Suppose -7*h = -0 - y. Calculate d(h).
6
Let o(b) = -26 + 25 + 3*b + 3*b**2 - b. Calculate o(1).
4
Let q(k) = k - 3. Let w(o) be the first derivative of -o**3/3 + 3*o**2 - 2. Let r = -6 + 11. Let n be w(r). What is q(n)?
2
Let q(n) = -n + 2*n - 61 + 48. Determine q(7).
-6
Let l(u) = 7*u**2 + 19*u + 9. Suppose 0 = -13*w + 8*w - 25. Let x(z) = 4*z + 5*z + 4*z**2 + 4 + z. Let q(r) = w*x(r) + 3*l(r). Give q(-5).
-3
Suppose -5*o + 6 + 4 = 0. Let b(p) = 2*p + o + 1 + 0. Let t = 3 - 5. What is b(t)?
-1
Let c(w) = -4 - 5*w + 4*w - 3. Suppose -3*h + 88 = 4*x, 0 = x + h + 3*h - 9. Suppose 5*z + 32 = 3*q - 8, -x = 4*z - q. Determine c(z).
-2
Let y(g) = g + 9. Let d = 0 - 27. Let i = d + 20. What is y(i)?
2
Let w(n) = n**2 - 4*n - 2. Suppose -46*d + 12 = -43*d. Determine w(d).
-2
Let u be 3/3 - (-3 + 1). Suppose -2*s = u*s + 20, 0 = -5*f + 3*s + 12. Let o(p) = -p**2 - p - 7. What is o(f)?
-7
Let j(s) = -2*s**3 - 1. Let h be (-2)/7 + 516/42. Let k = h + -14. Give j(k).
15
Let g = -1 + 3. Let v(f) = 5 + 2 + f**g - 3 + f + 1. Suppose 0 = 5*p, -4*m + 3*p = 4*p. Calculate v(m).
5
Let v = -5 - -13. Let b(f) = -3*f**3 - v*f**3 + f + 6*f**3. Let l be (-1)/(-4) + (-3)/(-4). Give b(l).
-4
Let h(a) be the second derivative of -3*a - 1/180*a**6 + 2/3*a**3 + 1/6*a**4 - 1/40*a**5 + 0*a**2 + 0. Let t(x) be the second derivative of h(x). What is t(-3)?
-5
Let n = 8 - 6. Let y(j) = 4*j**3 + 8 + j**n - j**3 - 4*j**3 + j + 0*j**2. Let o be (-1)/3 + 1/3. What is y(o)?
8
Let v be (-2)/4*(-4 + 2). Let o(l) = -l**2 - 3*l + 1. Let w be o(-3). Let j(t) = -4*t**2 - t**2 - 2*t + w + 4*t**2. What is j(v)?
-2
Let j be (9 - 3)/(-180)*(-10)/8. Let y(s) be the third derivative of 0 - 3*s**2 + 0*s - j*s**4 + s**3. Calculate y(5).
1
Let b(o) = -o - 6. Let y be 2*(-1 - 0) + 2. What is b(y)?
-6
Let q(h) = -h**2 - 10*h + 24. Let r be q(-12). Let f(o) = -o + 13. Determine f(r).
13
Let a(q) be the second derivative of 4*q**4/3 + q**3/3 - q**2/2 + 6*q. What is a(1)?
17
Let p(m) = -m**2 + 9*m + 9. Let a be 44*(-7)/(-28)*(1 + 0). Give p(a).
-13
Let u(i) be the third derivative of i**5/60 - 5*i**4/24 + i**2. Let g(n) = 7*n - 3. Let m be g(1). Calculate u(m).
-4
Let i(o) = -o**2 - o + 1. Let c(n) = -3*n**2 - 10*n + 7. Let w(v) = c(v) - 2*i(v). Calculate w(-4).
21
Let o(k) be the second derivative of -k**4/12 + k**3/2 + 7*k**2/2 + 14*k. Calculate o(5).
-3
Let k(g) = -17*g + 1 + 20*g + 9*g. Give k(-1).
-11
Let l(r) = -9*r + r - r**3 + 6*r**2 + 8 - 2 + r. Suppose -2 = -3*t + 4, 3*o - 3*t + 339 = 0. Let k be o/(-21) - (-4)/(-14). What is l(k)?
-4
Let s = 5 - 2. Let c be (3 + 9)/(s + -1). Let p be 2 - c - (3 + -6). Let l(m) = -3*m**2 + m + 1. Give l(p).
-3
Suppose 2*z + 10 = 4*z. Let o(f) = f - 4. Let a(l) = l**2 - 3*l - 12. Let j be a(5). Let x(w) = -2. Let k(s) = j*o(s) + z*x(s). Calculate k(-3).
4
Let z(j) be the second derivative of -j**3/3 - j**2 - 59*j. Calculate z(6).
-14
Suppose -s = 3*k + 6, 0 = -2*s + 3*k - 2*k - 5. Let w(h) = 7*h + 0*h - 9*h + h. What is w(s)?
3
Suppose -i + 5*m + 0*m = -11, -6 = 2*m. Let c(h) = -h**3 - 5*h**2 - 4*h + 1. What is c(i)?
1
Let r(p) = -p**3 - 13*p**2 - 14*p - 16. Let k be r(-12). Let w = 5 + -3. Suppose -w = 3*b - k. Let z(x) = x**3 + x**2 - 3*x + 1. Give z(b).
7
Suppose 0 = -2*p + 20 - 12. Let x(r) = -r**3 + 3*r**2 + 3*r - 3. Calculate x(p).
-7
Let g = -6 + 1. Let a(o) be the second derivative of o**5/20 + 5*o**4/12 + o**2 - 4*o. Calculate a(g).
2
Suppose -84*m + 6 = -82*m. Let t(i) = -4*i + 2. Give t(m).
-10
Let c(m) = -3*m**2 - 2*m + 3. Let k(y) = 3*y**2 + 0*y**2 - 4*y**2 + 1 + y. Let n(u) = c(u) - 4*k(u). Suppose i - 74 = -69. Calculate n(i).
-6
Let t(y) = -14*y**2 - 14*y - 8. Let g(m) = 5*m**2 + 5*m + 3. Let b(o) = 11*g(o) + 4*t(o). Calculate b(-2).
-1
Let k(r) be the first derivative of -r**2/2 + 2*r - 10. Give k(-5).
7
Let j(i) = i**3 + 5*i**2 + 4*i - 1. Suppose -u + 4*r = 5 - 1, u = -r - 4. Let d be (-116)/36 - u/18. Determine j(d).
5
Let i(g) = -3*g - 2. Let p(h) = 10*h + 7. Let f(l) = 21*i(l) + 6*p(l). Calculate f(2).
-6
Let j(z) = 3*z**2 - 3*z**3 + 6*z + 7*z + 3 + 5. Let h(c) = -2*c**3 + c**2 + 7*c + 4. Let m(g) = -5*h(g) + 3*j(g). Calculate m(-3).
1
Let d(a) = 3*a + 20. Let v(j) = j + 7. Let y(o) = 6*d(o) - 17*v(o). Determine y(-6).
-5
Suppose 1 = -3*f + 10. Let g(u) = -8*u**f + 4*u**3 + u + 3*u**3 + 2*u**2. Suppose -3*q - 5 = 5*z, z + 3*q - q + 1 = 0. Calculate g(z).
2
Let f(p) = -3*p - 9. Let x be f(-6). Let y be x/36 - (-30)/8. Let m(g) = g**3 - 4*g**2 + 5. Give m(y).
5
Suppose 5*w = -0*w + 20. Let p be (-13)/(-2) + 2/w. Let u(q) = q**2 - p*q + 0 - 2 + 4*q. Give u(2).
-4
Let p(i) = i**2 + 2*i + 2. Let n = -1 - -4. Let y(u) = -u**2 + u + 5. Let b(h) = 2*h**2 - h - 11. Let j(s) = -2*b(s) - 5*y(s). Let f be j(n). Determine p(f).
5
Let n(x) = -5 + 0*x - x + 4. Give n(4).
-5
Let v(c) = c**3 + 2*c**2 + c - 1. Let p be (15/45)/(2/(-12)). Give v(p).
-3
Let u = -47 + 50. Let a(q) = q - q - q + q**2. What is a(u)?
6
Let u(v) = v**2 - v - 2. Let z(o) = -o - 10. Let k be z(-13). Suppose 13 - 7 = k*a. Give u(a).
0
Let g(z) = z**3 + z - 10. Let h be ((-2 - 2) + 4)/(-2). Give g(h).
-10
Let s(l) = -l**3 - 6*l**2 - 4*l - 5. Let h(d) = d**3 + 15*d**2 - 16*d - 5. Let f be h(-16). Determine s(f).
-10
Let n